nd f?
48
Let q be 4/(-26) - (6 + 2151/(-39)). Calculate the highest common divisor of 441 and q.
49
Suppose 3*a - 156 = -9. Calculate the greatest common divisor of 7 and a.
7
Let b(x) = 9*x + 145. Let d be b(-15). What is the highest common divisor of d and 130?
10
Let s(q) = q**2 - 21*q - 13. Let v be (2 - -9)/(7/14). Let c be s(v). What is the highest common divisor of c and 12?
3
Suppose 5*a - 19 = 1. Suppose -a*o + 3*o = 0. Suppose 5 = 5*k - o. What is the greatest common factor of k and 5?
1
Suppose 3*w = -5*t - 10 + 62, 5*w - 65 = -4*t. Suppose 0 = -7*p + 8*p - w. What is the greatest common divisor of 63 and p?
9
Let o be 1 + 30 - -2 - 32/(-8). Calculate the greatest common factor of 259 and o.
37
Suppose 5*v + 32*i - 200 = 37*i, -i + 5 = 0. What is the highest common factor of 360 and v?
45
Let m = 13 + -21. Let b be (m - -6)/(-1 + 0). Calculate the highest common divisor of b and 16.
2
Suppose -7*d + 361 = -129. Calculate the greatest common divisor of 10 and d.
10
Suppose 3*o + 3 = 0, 0 = -b - 3*o + 7*o + 10. What is the highest common factor of 48 and b?
6
Suppose -2*a = 3*g + 2 + 6, 3*a = -5*g - 12. Let u be (-2)/(a/(-6))*(-9 + -12). Calculate the greatest common factor of u and 7.
7
Let c be (-271 - (-1 - -3))*-1. What is the highest common factor of c and 26?
13
Suppose 0 = 3*y + 4*u - 30, 5*y = -2*u - 2*u + 42. Suppose 0 = -2*p + y*o - o + 90, 3*o + 90 = 2*p. Calculate the highest common factor of 30 and p.
15
Let v(z) = -z**2 + 15*z - 19. Suppose 13 = -2*m + 35. Let n be v(m). What is the greatest common factor of 50 and n?
25
Let i(o) = -o**3 + 29*o**2 - 203*o - 9. Let j be i(17). Let a = -2 - -4. What is the highest common divisor of a and j?
2
Suppose 3*j + 0*j = -6, 5*v - 4*j = 8. Suppose v = -0*y + y + g - 3, -3 = 3*g. Let z be (22/y)/(2/16). What is the highest common divisor of 11 and z?
11
Suppose 4*r = 2*i - 172, 4*r = 4*i - 6*i + 148. What is the highest common divisor of i and 180?
20
Suppose -1440 = -0*d - 4*d. Suppose 3*k = -2*k + d. Suppose -k = c - 5*f - 207, 0 = -4*c - 2*f + 540. What is the highest common factor of c and 15?
15
Let y be 8/2 + 6/6. Suppose y*t = 349 - 124. Let q(k) = -k**3 + 4*k**2 + k + 1. Let j be q(4). Calculate the highest common factor of j and t.
5
Let r(b) = -61*b - 151. Let c be r(-4). What is the greatest common factor of c and 155?
31
Let i(l) = -15*l**3 - 9*l**2 + 2*l + 20. Let q be i(-2). Calculate the greatest common factor of 72 and q.
4
Let l(t) be the second derivative of -t**4/6 + 23*t**3/6 - t**2 - 22*t. Let j be l(10). What is the highest common divisor of j and 21?
7
Let a be 20/(-5)*18*(-3)/6. What is the highest common factor of 612 and a?
36
Let y be -10*((-12)/(-15) - (-173)/(-10)). Let t be (-6)/(-21) + y/35. Calculate the greatest common factor of t and 40.
5
Let x(b) = -b**3 + 8*b**2 - b + 11. Let d be x(8). Suppose 3*k - 6 = -d. Let w = 1 + k. Calculate the greatest common divisor of w and 16.
2
Let j be 1 - (-2*4 - 0). Suppose -6*o - 94 = -34*o + 158. What is the highest common divisor of j and o?
9
Let a = 28 + -23. Suppose 3*k - 4*q - 20 = -0*k, -a*q = 5*k - 80. Let j be ((-230)/(-8))/(3/k). Calculate the greatest common factor of 46 and j.
23
Let w(s) = 146*s - 417. Let z be w(3). What is the highest common factor of z and 189?
21
Let l = -154 + 162. What is the highest common factor of 328 and l?
8
Suppose -5*c = 2*d - 1126, 2*c - 116 = -3*d + 341. What is the highest common divisor of 42 and c?
14
Let w = -38 + 68. Let g = w - 14. What is the highest common divisor of g and 16?
16
Let l(g) = -g**2 + 4*g + 1. Let r be l(3). Let j be 2/(-2)*(r - 6). Let f = 8 - -6. Calculate the greatest common factor of j and f.
2
Let j be ((-4)/12)/(1/(-24)). Let t = 16 - j. Let i(u) = u**3 - 3*u**2 + u - 23. Let a be i(5). What is the highest common factor of a and t?
8
Suppose -5*r + 18 = 13. What is the greatest common divisor of 27 and r?
1
Suppose 391*m - 36 = 387*m. What is the highest common factor of 198 and m?
9
Let n(b) = -2*b**2 + 31*b + 18. Let o be n(14). What is the highest common factor of o and 15?
15
Let k = -251 - -261. Calculate the highest common divisor of 70 and k.
10
Let b be (-249)/(-13) - (-14)/(-91). What is the greatest common factor of b and 38?
19
Let v be (-4)/(-8)*(0 - 0). Suppose 41*s - 33*s - 1512 = v. Calculate the highest common factor of s and 21.
21
Suppose -98 + 308 = 3*x. Suppose m - 18 = -2*m + 3*l, 0 = -3*l + 12. What is the highest common divisor of x and m?
10
Let f be (-28)/3*(-522)/203. What is the highest common factor of 552 and f?
24
Let s(p) = p**3 + 4*p**2 - 7*p - 3. Let f = 6 - 1. Let m = 0 - f. Let q be s(m). Calculate the highest common divisor of q and 49.
7
Suppose 5*d - 342 = -2*n, 35 = d + 4*n - 19. Let i be (840/(-45))/(2/(-3)). Calculate the greatest common factor of i and d.
14
Suppose 0 = a - 3*u - 3, 4*a + 5*u = -a + 15. Let x be ((-28)/(-21))/(a + 34/(-12)). What is the greatest common divisor of 28 and x?
4
Let o(y) = -2*y**2 - 47*y + 3. Let t be o(-23). What is the greatest common divisor of 26 and t?
26
Suppose -s + 296 = -7*m + 3*m, 2*m - 2*s + 148 = 0. Let n = -55 - m. Calculate the highest common divisor of n and 76.
19
Suppose -m = 7*m - 24. Suppose 16*k - m = 15*k. Calculate the highest common divisor of k and 1.
1
Let s be (2 + 50/(-4))*-2. Let a = -63 + 33. Let c = a - -44. What is the highest common factor of c and s?
7
Let i be -23 + 19 + (91 - 1). Let g = 97 - i. What is the greatest common divisor of g and 44?
11
Suppose -2*u + 194 - 64 = 0. Let v = u - 58. Calculate the greatest common divisor of v and 1.
1
Suppose -3*w = -119 - 1441. Suppose -2*q - 185 = -2*f - 5*q, -5*f + 4*q = -w. What is the highest common factor of f and 20?
20
Suppose 29 = 8*l + 13. Calculate the highest common divisor of l and 2.
2
Let m(j) = j**3 - 4*j**2 + 5*j - 4. Let z = -18 + 25. Suppose -23 + z = -4*r. Let q be m(r). Calculate the greatest common factor of q and 2.
2
Let l be (-1)/(-3 - (0 + -2)). Let o be 0*l/3 - -2. Let c be (o - (3 - -4))*-1. Calculate the greatest common factor of c and 1.
1
Suppose 4 = c + 2. Suppose -c*x + 0*x = -74. Suppose d - x + 13 = 0. What is the greatest common factor of 144 and d?
24
Let d be ((-25965)/12)/(-15) + (-1)/4. What is the greatest common factor of d and 18?
18
Let k(w) be the first derivative of w**4/4 - 14*w**3/3 - 13*w**2/2 - 14*w - 19. Let f be k(15). Calculate the highest common factor of 8 and f.
8
Let r be 3/(-6) - (-14)/4. Suppose 4*m = -4*n, 0*m - 4*m = 3*n + 4. Suppose -n*g + 52 = 3*h, r*h = 3*g - 14 - 46. What is the highest common factor of g and 32?
16
Let l = 260 - 490. Let p be 6/2*l/(-15). Calculate the highest common factor of p and 69.
23
Let k(m) = m**2 + 4*m + 4. Suppose 2*r - 170 = 7*r. Let z = r - -29. Let f be k(z). Calculate the greatest common factor of 9 and f.
9
Let b be 0 + -2 - (-46 - 7). Let z(s) = s**3 + 3*s**2. Let p be z(-3). Suppose 0 = 4*g - 68 - p. Calculate the highest common factor of g and b.
17
Let z be (0 + 86)*1/1. Let q = 431 + -378. Let u = z - q. What is the highest common divisor of 363 and u?
33
Let r be (-116)/3*102/34. Let h = r + 321. What is the greatest common factor of h and 41?
41
Let s = 26 + -22. Let l be (-8)/(48/18) + 5*7. Calculate the highest common divisor of s and l.
4
Suppose -23*f = 12*f - 11375. Calculate the highest common factor of f and 50.
25
Let c be 118/(-10) - -11 - 328/(-10). What is the highest common factor of c and 128?
32
Suppose 280 = -983*z + 993*z. Let m = -5 - -7. Suppose 3*v - m*s - 195 = s, 2*s + 270 = 4*v. Calculate the greatest common factor of v and z.
14
Let x(n) = 10*n + 175. Let i be x(-16). Let d = -104 - -239. Calculate the highest common factor of d and i.
15
Let q = 7 + 46. Let m = q - 11. Suppose -5*u - z + 70 = 0, -52*u + z = -49*u - 42. Calculate the greatest common factor of m and u.
14
Let q = -105 + 219. What is the greatest common divisor of 513 and q?
57
Let z = 241 - 163. Calculate the highest common divisor of 39 and z.
39
Suppose 147*g = 145*g - 3*u + 564, 1393 = 5*g - u. What is the highest common divisor of g and 62?
31
Suppose -5*s + 123 = -57. What is the highest common divisor of s and 54?
18
Let b be (-3 - -59) + 4 - 0. Suppose 0 = 43*l - 48*l + b. What is the highest